ose -1196 = 101*g - 97*g. Let b = -288 - g. What is the units digit of b?
1
Let z(l) = l**3 + 18*l**2 - 45. Let y be z(-13). Suppose 6*i + 116 = y. What is the hundreds digit of i?
1
Suppose 10*r - 8*r = 250. Let v = r - 113. What is the tens digit of v?
1
Let n(u) = -5*u + 39. Let b be n(7). Let s be (3/b)/(((-10)/8)/5). What is the units digit of 699/(-15)*((-45)/s)/(-3)?
3
What is the tens digit of 30896 + 63 - (-20 + 3)?
7
Suppose r + 779 + 18607 = 4*i, 0 = -2*i + 4*r + 9700. Suppose 13*u - 15*u - 2919 = -3*j, -3*u + i = 5*j. What is the tens digit of j?
7
Suppose -19*m + 717 = -2247. What is the hundreds digit of (-3)/((-24)/36*2/m)?
3
Let o(w) = -47*w + 335. What is the units digit of o(-2)?
9
Suppose 0 = -0*z + 3*z - 309. Let t = 38 - z. Let n = -36 - t. What is the tens digit of n?
2
Let b(j) = -21 + 8 + 220*j - 23. What is the hundreds digit of b(3)?
6
What is the hundreds digit of -1*((-2)/8 - 817555/452)?
8
Let a = -45584 - -68883. What is the units digit of a?
9
Let i = -86 + 96. Suppose 5210 = i*q - 3270. What is the hundreds digit of q?
8
Let x be (-198)/132*(20/(-6) - 0). Suppose 4*u + 209 = -2*p + 1077, -3*u = x*p - 658. What is the units digit of u?
6
Let z be ((-7)/21)/((-1)/78). Let r = z + -29. What is the tens digit of 1 + (73 - r)/4?
2
Suppose 0 = -5*r - s + 30 - 5, 5*r + 3*s = 25. Suppose -3*x - 806 = -r*k, -x + 5*x = k - 151. What is the hundreds digit of k?
1
Let j(l) = l**3 - 14*l**2 - 29*l - 51. Let u be j(16). What is the hundreds digit of (u/(-6))/(-1) - (-12942)/36?
3
Let v(t) = 436*t + 1040. What is the hundreds digit of v(40)?
4
Suppose -1204*q + 1170*q + 1478524 = 0. What is the units digit of q?
6
Let b = -45 - -49. Let x be (-6)/b - (-4763)/(-22). Let g = 430 + x. What is the units digit of g?
2
Let o(s) = -s**2 + 22*s + 13. Let n be o(21). Suppose 0 = b + 4*f + 43, b = 2*f - n + 3. Let r = 62 - b. What is the tens digit of r?
9
What is the ten thousands digit of (2/4)/(-11 - (-1931475)/175588)?
1
Suppose 5*g + 3*f + 1 = 0, -f - 3*f = -12. Let u = 33 + g. What is the tens digit of u?
3
Suppose 0 = -280*i + 7900393 - 1722473. What is the tens digit of i?
6
Suppose -5*c = 2*c - 9212. Suppose 0*l - c = -4*l. What is the hundreds digit of l?
3
Suppose h - 2*i - 12 = 3*i, -5*h + 2*i = -129. Let u = -48 - -30. What is the units digit of (-2)/h*3 - 1336/u?
4
What is the hundreds digit of 862550/35 + 60/(-80)*(-16)/(-42)?
6
Let t(x) be the third derivative of -11*x**6/120 + x**5/30 - x**4/8 + 4*x**3 - 21*x**2 - x. What is the hundreds digit of t(-4)?
7
Suppose -4 - 12 = 4*w. What is the tens digit of (6/w)/((-30)/4220)?
1
Let j be (-77)/(-22) + (-6)/(-4). Let f(v) be the second derivative of v**3/3 + 12*v**2 + 2*v. What is the tens digit of f(j)?
3
Suppose 0*b = 5*b - 100. Let o be ((-885)/25)/((-8)/b)*6. Let l = -361 + o. What is the hundreds digit of l?
1
Let q(c) = 3*c**2 - 4*c - 27. Let b be (2/(-3))/(235/75 + -3). What is the units digit of q(b)?
8
Let s = 6332 + -3272. What is the hundreds digit of s?
0
Suppose -5*c = -3*v - 23973, 74*c - 78*c + 19196 = 2*v. What is the hundreds digit of c?
7
Suppose 3*r = 4*b - 7162, 10 = -0*b - 5*b. What is the hundreds digit of (r/30)/(1/(-6))?
4
Suppose -4*i - 1786 = -2*c, -6*c + i = -11*c + 4432. Let z = -583 + c. What is the hundreds digit of z?
3
Let l(v) = 26*v**2 + 10*v + 2. Suppose 2*h + 17 = 3*a, 5*a = -0*a - 5*h + 20. What is the tens digit of l(a)?
0
Let p be (3 - 1)*(-3 + 10). Suppose -p*f = -5229 + 805. What is the tens digit of f?
1
Suppose -v = 35*v - 1548. Suppose 147 = v*w - 971. What is the units digit of w?
6
Let z = -138328 - -216853. What is the tens digit of z?
2
Let k(o) = 16*o**2 + 94*o + 278. What is the units digit of k(-28)?
0
Suppose -21*z + 28*z = 42. What is the hundreds digit of (-3)/z*(-1534 - 16)?
7
Let l(a) = -14870*a - 139. What is the ten thousands digit of l(-1)?
1
Suppose -2*w = 0, 3*w - 63675 = -5*n + 14925. What is the units digit of n?
0
Suppose y + l = 277, 0 = 4*y - l - l - 1126. Suppose -y = -4*m + 4*j, 2*j = -m - 3*j + 88. What is the tens digit of m?
7
Let h(f) = 4*f**2 - 3*f - 7. Let b be h(-5). Suppose -38 = -u + t, 0 = -5*u - 5*t + b + 132. What is the units digit of u?
3
Suppose 11*q + 7*q - 1633016 = -26*q. What is the hundreds digit of q?
1
Let g(r) = 2*r**2 - 4*r - 7. Let n be g(4). Let m(c) = -18 + n - 7*c + 4. What is the units digit of m(-5)?
0
Let w = -493 + 1435. What is the units digit of w?
2
Let t be 196/21 + 1/(-3). Let u(c) = -c**3 + 11*c**2 - 17*c - 11. Let b be u(t). Let d(v) = -21*v - 3. What is the units digit of d(b)?
9
Let o(t) be the second derivative of 291*t**3/2 + 35*t**2/2 - 9*t - 12. What is the tens digit of o(1)?
0
Let n = -61 + 63. Let s be -4 + n + (-1 - -137). What is the units digit of s + 1*-1*(-13 - -13)?
4
Let v(m) = -m + 2. Let u be (-34)/6 + (-4)/(-6). Let t(q) = 36*q + 7. Let k(b) = u*v(b) + t(b). What is the units digit of k(3)?
0
Let a = -241 + 615. Suppose -3*f + 1145 = 5*o, 0 = 3*f - 5*o - a - 821. What is the tens digit of f?
9
Let j(d) = 2083*d**2 - 7*d - 72. What is the hundreds digit of j(-4)?
2
What is the ten thousands digit of (513/5)/(1470/583100)?
4
Let v(c) = 15*c**2 + 165*c + 12. Let m be v(-11). Suppose -m*y + 1548 = -8*y. What is the units digit of y?
7
Let p(t) = -t**3 + 28*t**2 + 34*t - 21. Suppose 3*s = r - 21 - 5, -4*s + 149 = 5*r. What is the units digit of p(r)?
4
Let a(k) = k**3 - 11*k**2 + 18*k - 42. Suppose -26*j - 144 = -38*j. What is the tens digit of a(j)?
1
Suppose -1424*q + 1428*q + 4*g - 249144 = 0, -5*q + 2*g = -311444. What is the thousands digit of q?
2
What is the thousands digit of (-2284450)/(-250) + (-2)/(-10)?
9
Let s be (1 + (-204)/20)/((-6)/(-150)). Let a = s - -587. What is the tens digit of a?
5
Let z = 239 + -233. What is the hundreds digit of z/(-9) + 3776/3 + -1?
2
Suppose -2*d = 4, -d - 1080 + 15426 = 2*l. What is the units digit of l?
4
Suppose 73*n = 83*n - 40. Suppose 0 = -n*z + 4*s + 124 + 16, 0 = -2*s. What is the tens digit of z?
3
Let l = 41 - 61. Let a = 82 + l. Let b = 22 + a. What is the units digit of b?
4
Suppose 0 = -12*z - 6797 - 10495. Let o = z + 2121. What is the hundreds digit of o?
6
Let c(t) = 4*t**2 - 10*t + 74. Let a be c(14). Suppose 4*h + a = 2*n + 6*h, 5*n = 5*h + 1755. What is the hundreds digit of n?
3
Let t(c) = -2*c**2 + 1. Let y(k) = -5*k**2 - 5*k + 6. Let h(n) = t(n) - y(n). What is the units digit of h(2)?
7
Let z(v) = 23*v + 13*v - 6 - 35*v. What is the units digit of z(18)?
2
Suppose 2315*c - 2306288 = 2193*c. What is the ten thousands digit of c?
1
Let n be (-3 - -7) + (-48)/((-6)/(-2)). Let z be 1 + ((-24)/(-10))/(n/(-40)). Suppose -z*d + 231 + 255 = 0. What is the tens digit of d?
5
Suppose -26*x + 80 = -6*x. Suppose 0 = -3*o + 5*u + 848, -3*u + 816 = -o + x*o. What is the units digit of o?
6
Let p(b) = -9*b - 106. Let d be p(-12). Suppose -4*f + 349 = -3*v, -3*v + 246 = 5*f - d*f. What is the units digit of f?
5
Suppose 3*k = -4*o + 1774, 0 = -4*k - 3*o + 2147 + 230. Let z = -589 + k. What is the units digit of z?
9
Let h(g) be the second derivative of 33*g**3/2 + 19*g**2 - 34*g. Let f be h(6). Suppose 4*d - f = 84. What is the units digit of d?
9
Suppose -17*k = 10*k - 103950. Suppose -5*n = 5*u - k, -11*n + 8 = -15*n. What is the hundreds digit of u?
7
Let o = 1685 - 272. What is the thousands digit of o?
1
What is the tens digit of 19311*(-6)/(-9) + 15 + -9?
8
Suppose 2 - 22 = 10*m. Let q be -7 - -7 - m*(-17 - 0). What is the units digit of 618/9 - (-5 - q/6)?
8
Let i(p) = 15*p**3 - 215*p**2 + p + 23. What is the thousands digit of i(16)?
6
Suppose 3*x = 3*c + 23679, 62*c = -4*x + 60*c + 31602. What is the thousands digit of x?
7
Let c(w) = -109*w + 12912. What is the hundreds digit of c(17)?
0
Suppose -3*l - 23 = c - 85, l = -3*c + 26. Let w be (268/3)/(l/30). Suppose 0 = -2*k + 416 + w. What is the tens digit of k?
7
Let z(y) = -y**2 - 9*y + 256. Let s be z(0). Suppose 3*u - s - 5 = 0. What is the units digit of u?
7
Suppose -3*x = -3, -4*x = -5*v - 8*x + 169. What is the thousands digit of -7*362*v/(-66)?
1
What is the thousands digit of (-140204)/(-7) + (4 - 6)*5/70?
0
Let n(o) be the first derivative of o**4/4 - 7*o**3 + 2*o**2 - 32*o + 1. Let s = -2884 - -2905. What is the units digit of n(s)